t t(q) be the second derivative of -q**5/20 - q**4/12 - q**3/6 - q**2/2 - 6*q. What is t(-2)?
5
Let x(r) = -4*r**3 + 2*r**2 - 2*r + 1. Let t(m) = m + 6. Let n be t(0). Let l = 7 - n. Give x(l).
-3
Suppose 3*n + 0*n + 6 = 0. Let f = 64 + -42. Let q(w) = -w**2 + w - 1. Let c(i) = i**3 - 9*i**2 + 12*i - 12. Let k(x) = f*q(x) - 2*c(x). Give k(n).
6
Let j = 6 - 14. Let u(v) = -v**3 - 8*v**2 + v + 5. Let t be u(j). Let m(d) = -d**3 - 4*d**2 - 4*d - 1. What is m(t)?
2
Let j(t) = -2*t + 5. Suppose -m = -4, -5*m = g - 18 - 9. Give j(g).
-9
Let d(h) = -h**3 + 5*h - 3. Let n = 42 + -39. Calculate d(n).
-15
Let c be (-12)/66 - 230/(-55). Let h(k) = 0 - 4 + 3*k - 2. What is h(c)?
6
Suppose 12 + 4 = 4*i. Suppose 2*w + 4 = 4*w. Let s(f) = -4 - 1 + w*f + f - 2*f. Calculate s(i).
-1
Let r(f) = -f**3 - 2*f**2 + f + 1. Let u(g) = g**3 + 3*g**2 - 1. Let p(y) = 4*r(y) + 3*u(y). Let j be p(-2). Let t(o) = -o**3 + 6*o**2 - 4*o + 2. Give t(j).
7
Let n(w) = -w**2 + 8*w + 2. Let l be n(8). Let z be ((-5)/l - -2)*-10. Let x(d) = d + 1. Let p(m) = m. Let y(g) = -2*p(g) + x(g). Give y(z).
-4
Let y(c) = 2*c**3 + 3*c**2 - 4*c + 1. Let q = 16 - 19. Give y(q).
-14
Let w(b) = -7*b**3 + 5*b**2 - 11*b + 1. Let n(d) = 11*d**3 - 7*d**2 + 17*d - 1. Let i(j) = -5*n(j) - 8*w(j). What is i(3)?
-12
Let g(k) = -k**2 + 6*k + 5. Let c(d) = -d**2 + 5*d + 4. Let o(z) = -2*c(z) + 3*g(z). Determine o(5).
22
Let l(f) = 27*f - 27. Let u(t) = 11*t - 11. Let w(q) = -5*l(q) + 12*u(q). Let h be 1 - -9 - 2/(-2). Suppose -4*a + 3 = -z - h, 3*z = 2*a - 2. Give w(a).
-9
Let s be (-26)/(-4) - (-6)/(-12). Let r(v) = -v**2 + 8*v - 7. What is r(s)?
5
Let f(r) be the first derivative of -2*r**3/3 - r**2 + r - 15. Calculate f(2).
-11
Let x(a) = -2*a**2 - 14*a - 9. Let f(v) = -v**2 - 7*v - 4. Let j(p) = 5*f(p) - 3*x(p). What is j(-5)?
-3
Let d be (1/((-3)/(-12)))/2. Let o(z) = 3*z. Let p(y) = -y. Let k(g) = 6*g. Let l(q) = k(q) + 5*p(q). Let r(w) = d*o(w) - 7*l(w). Calculate r(-1).
1
Let m(w) be the third derivative of w**6/120 + w**5/20 + w**4/8 + w**3/3 - 3*w**2. Let o = 0 + -2. Determine m(o).
0
Let t(n) be the first derivative of 11*n**3/3 + 3*n**2 + n - 1. Let k(r) = 2 - 3 - 5*r - 13*r**2 + 3*r**2. Let i(s) = -6*k(s) - 5*t(s). What is i(1)?
6
Let t(x) = -x**2 + 4*x + 4. Let y(w) be the first derivative of -1/4*w**4 + 5/2*w**2 + 3 + 2/3*w**3 - 3*w. Let p be y(3). What is t(p)?
7
Suppose -6 = -w - s, 3*w + 15 = 5*s + 1. Let k(p) = p - w*p**2 - 4*p - 3*p - 2. Give k(-4).
-10
Let h(k) be the third derivative of 0 - 1/24*k**4 + 0*k + 1/10*k**5 + 2/3*k**3 - 4*k**2 - 1/120*k**6. Give h(6).
-2
Suppose -5*n = 4*m + 33, -3*m - 2*m + 4*n = 31. Let c = m - -11. Let b(u) = u**3 - 5*u**2 + 4*u. Calculate b(c).
0
Let k(z) = 9*z + 2*z**2 - 7 + 4*z**2 + z**3 - 13*z. Calculate k(-6).
17
Let w(x) = 5*x**2 - 4*x + x - 2 + x**3 - 2 - 5*x. Let y be (-4)/(-6) - (-60)/(-9). Calculate w(y).
8
Let u(i) = i**3 - 3*i**2 + i. Let t be ((-8)/(-6) + -1)*6. What is u(t)?
-2
Let p = -4 - -12. Let b(s) = s**2 - 9*s - 1. Calculate b(p).
-9
Let q(s) = s**2 - 4*s - 1. Let b be q(5). Let l(x) = -x - 1. Let o be l(b). Let j(d) = 5*d**2 + 19*d**3 - 18*d**3 + 3 - 1. Give j(o).
2
Let o(x) = -2*x**3 - 19*x**2 + 19*x + 11. Let r(v) = v**3 + 9*v**2 - 9*v - 5. Let g(n) = -6*o(n) - 13*r(n). Calculate g(-3).
-10
Let g(r) be the third derivative of -7/6*r**3 + 0 + 6*r**2 + 1/24*r**4 + 0*r. Determine g(4).
-3
Let o(s) = -2*s**2 - s + 4. Let v(d) = 7*d**2 + 2*d - 8. Let j(h) = -6*h**2 - 2*h + 7. Let y(l) = -5*j(l) - 4*v(l). Let t(z) = 2*o(z) + 3*y(z). Give t(-3).
5
Let t(c) = c - 3. Let r be t(4). Let v(h) be the third derivative of h**4/24 + h**3/6 - 3*h**2. Calculate v(r).
2
Let h(w) be the first derivative of -w**4/4 - 2*w**3 + 4*w**2 + 5*w + 8. Give h(-7).
-2
Let b = 9 + -7. Let i(r) = -4 + 6 + 1 + 1 - r**3 - 3*r**b. What is i(-3)?
4
Let q(c) = -c - 3. Let o = 0 - 0. Give q(o).
-3
Let n be (-2)/((1 + 2)/(-6)). Suppose 0 = n*m - 4. Let f(s) be the first derivative of s**2 - s + 1. Give f(m).
1
Let x(z) = -z - 1. Suppose 0 = -2*v - v + 18. Give x(v).
-7
Let o(w) = -17*w - 5. Let b(l) = -162*l - 48. Let n(q) = -5*b(q) + 48*o(q). Calculate n(-1).
6
Let c(g) = 3*g + 4*g + 3*g + 0*g. What is c(1)?
10
Let q(i) = 2*i. Let a be q(-6). Let s be 3*((-4)/a - -1). Let g(o) = 3*o - 5. Determine g(s).
7
Let c(l) = -l - 2*l**2 + 1 + l**2 + 4*l**3 - 5*l**3. Suppose 2*s = -r + 6*s - 16, -4*r - 3*s = -12. Give c(r).
1
Suppose -v - 4*m + 4 = -0*v, -2*m + 2 = 5*v. Let p(y) = y**3 + y. Calculate p(v).
0
Let q(g) be the first derivative of -2 + 5/2*g**2 + g + 1/3*g**3. Determine q(-5).
1
Let q(s) = -s**3 - 4*s**2 + 5*s - 4. Let u be q(-5). Let y(o) = 2*o. Give y(u).
-8
Let p be (-2)/(4/(-6) + 0). Suppose -2*m - 3*m = -p*y - 9, -5 = -y - m. Let g(c) = 1 - 7*c - y - 2*c - c. Calculate g(1).
-11
Let l(q) = -q**3 + 2*q**2 + q + 4. Let m be l(3). Let c(i) = 9*i + 16. Let d(p) = 2*p + 3. Let f(w) = m*c(w) + 11*d(w). Give f(1).
5
Let p(q) = 7*q + 1. Suppose 4*h + 5 + 5 = 2*k, 3*h = 2*k - 7. Let z be h - -5 - 1/1. Give p(z).
8
Let n(a) = -2 + a - 4 + 0*a. Let g(k) = k**2 - 15*k + 30. Let z be g(13). What is n(z)?
-2
Let h(g) = -g - 2. Let w(m) be the third derivative of m**6/120 - 2*m**5/15 - m**4/3 - 2*m**3/3 + 2*m**2. Let q be w(9). Give h(q).
-7
Let n(f) = -6*f**2 - 5*f + 12*f - 7*f**2 + 11*f**2. What is n(5)?
-15
Let m(j) = -j**3 + 5*j**2 + 3*j - 7. Let s be 38/8 - 2/(-8). Give m(s).
8
Let v be ((-8)/6 + 1)*-12. Let z(w) = -11*w**2 - 5*w**2 + 15*w**2 - 6*w + 2 - v. Suppose -3*n = -0*n + 15. Calculate z(n).
3
Let a(s) = 7*s + 11. Let g(p) = 16*p + 23. Let i(n) = -5*a(n) + 2*g(n). Calculate i(-6).
9
Let g(y) be the third derivative of -y**6/144 + y**5/120 + y**4/12 + 5*y**2. Let r(w) be the second derivative of g(w). Give r(-1).
6
Let n = 18 - 12. Let g(z) be the first derivative of -2*z + n*z**2 - 5*z**2 - 3 - 2. Calculate g(-3).
-8
Let m(j) = -5*j + 11*j - 3 - 5*j. Determine m(0).
-3
Let k(z) = -z**2 + z + 1. Let d = -3 + 6. Let x(u) = -2*u**2 + 5*u + 5. Let j(b) = d*k(b) - x(b). Let a be 1/(-8) - 15/8. Determine j(a).
-2
Let b(m) = 2*m - 1. Let j be b(2). Suppose 4*l - 12 = f, -j*f - 2*l + 2 - 24 = 0. Let o = f + 3. Let g(t) = -t**3 - 5*t**2 - t + 2. Determine g(o).
7
Let m(b) = b - 1. Let u be m(-5). Let y(i) = -2*i - 9. Let k be y(u). Suppose k*l - 12 = -2*z + 5*z, 2*l - 6 = 4*z. Let g(j) = j - 7. What is g(l)?
-2
Let r(s) = -s**3 - 6*s**2 - 4*s + 7. Let w(j) = j**3 + 7*j**2 - 9*j + 2. Let h be w(-8). Let a = 5 - h. Give r(a).
2
Let v(f) = f**2 + 4*f - 2. Let j(w) = w**3 - 4. Let t(d) = -d**3 + d**2 + 4. Let a(r) = -2*j(r) - 3*t(r). Let y = 8 - 5. Let k be a(y). Determine v(k).
-2
Let h(r) = 10*r - 1. Suppose 4*b = 8, -l - 5*b + 1 + 8 = 0. Let x = l + 0. Calculate h(x).
-11
Let s(g) be the second derivative of g**4/12 + 5*g**3/6 + 2*g. Let a be (-1 - 0)*-1 + -4. Determine s(a).
-6
Suppose -7*c - 24 = -c. Let s(n) = 3*n - 1. What is s(c)?
-13
Let z(j) = 25*j - 11. Let t(k) = -12*k + 5. Let r(q) = 13*t(q) + 6*z(q). Calculate r(2).
-13
Let l be 24/9*(-9)/(-12). Let t(g) = -4. Let x(h) = h + 1. Let j(a) = t(a) + 3*x(a). Let v(o) = 3*o. Let n(f) = -3*j(f) + 2*v(f). Calculate n(l).
-3
Let m = 14 + -10. Suppose m*n + 2 - 18 = 0. Let s(h) be the second derivative of -h**5/20 + 5*h**4/12 - 2*h**3/3 - 2*h**2 - h. Give s(n).
-4
Let q(r) = r**2 + 6*r + 3. Let h be q(-5). Let u(z) be the first derivative of 2*z**2 - 2*z - 40. Determine u(h).
-10
Let g(d) = d**2 + 5*d - 4. Suppose 25 = -3*p - 2*p + 4*b, -5*p = 4*b + 25. Calculate g(p).
-4
Let u(i) = i**2 + 8*i + 8. Let d be u(-7). Suppose 5*g = -d + 11. Let f(j) = 0*j**2 + 8*j**g + 1 - 2. Calculate f(1).
7
Suppose -11*w + 6*w - 30 = 0. Let d(r) = r - 1. Give d(w).
-7
Let c = -1 + 0. Let t = -1 + -3. Let a(x) = 5*x**3 - 4*x**2 + 6*x + 5. Let m(n) = 4*n**3 - 3*n**2 + 5*n + 4. Let h(k) = t*m(k) + 3*a(k). Calculate h(c).
2
Let z(j) = j**3 - j**2 + 2*j - 3. Suppose -3*i = -i. Suppose -3*b = 2*p - 5*b - 2, -3*b + 6 = i. Suppose 0*w - w - p = 0, 2*w = -3*r. Determine z(r).
5
Let k(h) = -h. Let b(r) = 1 - 3*r + 0 + 2*r. Let f be b(3). Calculate k(f).
2
Let j(q) be the first derivative of 2*q - 2 + 1/2*q**2. Determine j(-1).
1
Let u = -180 + 183. Let j(a) = -a**3 + 3*a**2 + 2*a + 1. Give j(u).
7
Let i(a) = 5*a**3 - a**2. Let w be -7 + 3 + 4 